 l(h).
0
Let s(f) = -f**3 - 5*f**2 + 5*f - 1. Let k(d) = -3*d**2 + d. Let a(j) = 3*k(j) - s(j). Determine a(4).
-7
Let q(v) be the first derivative of v**2 + 4/3*v**3 + 19 + v. What is q(-1)?
3
Let z(v) = -v**3 - 2*v**2 - 3*v - 8. Let h be z(0). Let g(b) = -5*b - 5. Determine g(h).
35
Let z(r) = -8*r - 3. Suppose 2*u - 4 + 10 = 0. Let y(c) = -7*c - 3. Let i(v) = u*y(v) + 2*z(v). Let p(x) = 3*x + 2. Let l(d) = -5*i(d) + 8*p(d). Give l(2).
-1
Suppose 0 = -5*l - 4*a - 25 - 302, a = 4*l + 249. Let x be (-171)/l - 4/(-14). Suppose -3*q = 18 + x. Let n(d) = -d**3 - 6*d**2 + 7*d + 7. Determine n(q).
7
Let m(g) = -31*g**3 - 7*g**2 + 3*g + 9. Let r(u) = -16*u**3 - 4*u**2 + 2*u + 5. Let c(a) = -3*m(a) + 5*r(a). What is c(1)?
13
Let i(n) = 4*n**3 - 4*n**2 - 4*n - 10. Let q be i(7). Suppose 0 = 4*r + 5*f - q + 203, -239 = -r - 3*f. Let p(g) = r - 230 - g. Determine p(-4).
4
Let z(k) = 7*k. Let h be z(1). Let a be (6/(-8) - -1)*8. Let o(n) = h - n**2 - 3*n - 10 - 3*n**a + 2*n**2. Calculate o(-2).
-5
Let j(o) = o**2 - 6*o + 12. Let b be j(4). Let c(l) = 12*l**2 - b*l - l**3 + 4*l - 9*l**2. Give c(3).
0
Let z(w) be the third derivative of -w**5/24 - w**4/8 - 11*w**3/6 - 22*w**2. Let q(t) be the first derivative of z(t). Determine q(-3).
12
Let y(z) = -z**2 - 5*z + 17. Let a = 21 + -28. Let v be y(a). Let r(x) = -x**2 + x. What is r(v)?
-6
Let g = 2 + -14. Suppose -5*i - 12 = 2*k, -3*k - 3*i = 12 + 6. Let c = g - k. Let a(h) = -h**3 - 5*h**2 + 7*h + 4. Determine a(c).
-2
Let r = -117 - -118. Let w(s) = 1 + 2*s**2 + s**2 + 3*s**2 - s**2. Calculate w(r).
6
Let w(b) be the third derivative of -b**5/60 + b**4/8 + b**3/6 - 13*b**2 + 1. Determine w(6).
-17
Let u = -96 - -102. Suppose -u*f - 7 + 1 = 0. Let m(b) = -2*b**2 - 3*b - 2*b + 4*b + 2*b**3. What is m(f)?
-3
Let v = 17 + 1. Suppose 0 = -3*c + 7*c + s + v, -26 = 5*c + 3*s. Let b(j) be the third derivative of j**5/60 + j**4/6 - j**3/6 + 18*j**2. Give b(c).
-1
Let m(v) be the third derivative of -v**6/120 - v**5/6 - 3*v**4/8 + 7*v**3/6 + 34*v**2 - 1. What is m(-9)?
7
Suppose 0 = -w - 4*c + 2, -w - w + 10 = 2*c. Let y(l) = -7*l**3 + l. Let x be y(-1). Let f(q) = x*q - q - 6*q - 5. Calculate f(w).
-11
Suppose 7*j - 15 = 27. Suppose 0*p = -2*p. Let q(k) = k**2 - 4 - 6*k + p*k + j + 4. What is q(6)?
6
Let u(r) be the first derivative of r**4/4 + 3*r**3 + 9*r**2/2 - 10*r + 213. What is u(-7)?
25
Let p(q) be the second derivative of q**4/12 - 5*q**3/3 + 23*q**2/2 - 39*q. What is p(8)?
7
Let a(y) = y**3 + 18. Let t be ((-34)/(-3))/((-22)/(-33)). Let q be (t - 16) + 1*-1. Calculate a(q).
18
Suppose 4*g - 2 = 2*t, -2*t = g + 3*t + 5. Let w = -1 + 6. Let m(v) = v**2 - 12 - 2 - w + 4. Determine m(g).
-15
Let b(g) = -29*g + 15. Let n(m) = 14*m - 7. Let r(s) = 6*b(s) + 13*n(s). Calculate r(3).
23
Suppose 3*n = 3*i, n + 1 - 4 = 2*i. Let j(l) = -14*l**2 - 7*l - 17. Let o(r) = 8*r**2 + 4*r + 11. Let m(h) = -3*j(h) - 5*o(h). Determine m(i).
11
Let l(s) = s**2 + 10*s - 6. Let c(r) = -2*r - 5. Let w be c(-2). Let n be w*20/((-8)/(-4)). Calculate l(n).
-6
Let d be 12/28 + 36/14. Let s(o) = -11*o**3 + o - 2*o + 2*o + 15*o**d. Suppose 4*k - q = 5, 2 = 5*k + q - 2. Determine s(k).
5
Let l(w) = 3*w**3 - 11*w**2 + 11*w - 1. Let s be l(2). Let q(o) = -7*o**2 - o + 1. What is q(s)?
-7
Let v(n) = n**2 - 1. Let d(f) = 4*f + 14. Let z be d(-7). Let o be (z - -3) + 0 + 4. Let m(j) = j**2 + 9*j + 13. Let q be m(o). Calculate v(q).
0
Let j(k) = k + 3*k - 1 + k. Suppose 58*q - 52*q = 12. Calculate j(q).
9
Let g(b) = 3*b**3 - 98*b**2 - 31*b - 56. Let q be g(33). Let m(f) = f**2 - 9*f + 8. What is m(q)?
18
Let l(u) = 10 + 2 + 3*u - 16. Let x = 4 - 7. What is l(x)?
-13
Let o(r) be the second derivative of r**6/720 - r**5/120 - r**4 + 17*r. Let d(y) be the third derivative of o(y). Give d(-4).
-5
Let m(c) = 5*c**3 - 4*c**2 - 6*c - 12. Let v(k) = 9*k**3 - 9*k**2 - 8*k - 23. Let p(w) = -7*m(w) + 4*v(w). Give p(7).
13
Suppose 389*l = 398*l - 45. Let b(k) = k**3 - 7*k**2 + 10*k + 6. Determine b(l).
6
Let j be (9 - 30)*(-12)/14. Suppose -13*q = -j*q. Suppose -2*p - 5 - 7 = q. Let k(t) = -2*t - 8. Determine k(p).
4
Let z(s) be the second derivative of -s**6/120 - s**5/30 - s**4/8 - s**3/6 - 11*s**2 - 2*s. Let m(h) be the first derivative of z(h). What is m(-3)?
17
Let o(n) = 9*n - 29. Let s(v) = -5*v + 16. Let a(h) = -6*o(h) - 11*s(h). Calculate a(6).
4
Let k be 6/((-108)/(-14)) + 2/9. Let n(d) be the first derivative of 3/2*d**2 + 7*d + k. Determine n(-5).
-8
Let r(h) = 11 + h**3 - 6*h**2 + 8*h - 2*h**2 - 1 + 14*h**2. Give r(-4).
10
Let o(f) = -f**2 - 6*f - 2. Let y be 8/68 + (-38)/34. Let d be (-1)/(-1*(y - (-4)/5)). Calculate o(d).
3
Let s(m) = m**2 + 2*m + m - 5*m - 1. Let w be s(3). Let o(l) = 2 - 7*l**2 + 3*l**2 + 3*l**2. Give o(w).
-2
Let x(n) = 9*n**3 - 6*n + 12. Let d(u) = -2*u**3 + u**2 + u - 1. Let o(i) = 5*d(i) + x(i). Determine o(5).
2
Let q(o) = -2*o**2 - 3414 + 1710 - 3*o + 1711 + 10*o. Calculate q(6).
-23
Let z(p) = 30*p**3 - 2*p**2 + 2*p - 1. Let t = -213 + 214. Calculate z(t).
29
Let p(l) = 6*l + 2. Let f(a) = -a - 1. Let u(w) = 6*f(w) + 2*p(w). What is u(2)?
10
Let d(p) = 76*p - 13. Let r(k) = 35*k - 6. Let f(s) = 6*d(s) - 13*r(s). Let x be (2 - 6) + 2 + 0. Determine f(x).
-2
Suppose 4*k = -4*f + 52, 5*f = 4*k - 22 - 12. Let u(c) = 5 - c - k - 2. What is u(-5)?
-3
Let y(w) = -2*w + 2. Let u be ((-14)/(-6))/((-3)/(23 - 5)). Let a(f) = f - 1. Let p(d) = u*a(d) - 6*y(d). What is p(-3)?
8
Let h(o) = 582874 - 8*o - 582874. Calculate h(-1).
8
Let f(j) = j + j**3 + 14 + 87 - 88. Determine f(0).
13
Suppose 4*j - 6*j + 5 = -3*b, -5*b + 22 = j. Let r(c) = 4*c - 22. Determine r(j).
6
Let i(x) be the second derivative of x**5/60 + 7*x**4/24 + 2*x**3/3 - 14*x. Let v(z) be the second derivative of i(z). Calculate v(-7).
-7
Let t = -21 - -40. Suppose -t*r = -15*r - 8. Let l(d) = 3*d**2 + 3*d + 2. Let b(y) = -7*y**2 - 7*y - 4. Let c(g) = 2*b(g) + 5*l(g). What is c(r)?
8
Let n(m) be the third derivative of m**5/60 + m**4/4 - 4*m**3/3 - 2*m**2 - 19. What is n(-7)?
-1
Let f(r) be the third derivative of r**5/60 - r**4/4 - 2*r**3/3 - 109*r**2. Let j = -15 + 21. Give f(j).
-4
Let a(z) be the first derivative of z**2/2 - 5*z - 60. Calculate a(2).
-3
Let l(o) be the third derivative of -o**4/24 + o**3/2 + o**2. Let r = 172 - 168. Let j be l(r). Let f(z) = 8*z**2 - 2*z - 1. Calculate f(j).
9
Let a(j) be the third derivative of j**5/60 + j**4/3 + 2*j**3/3 - 19*j**2 + 23. Let v = 2 + 3. Suppose -5*t + 1 = 5*o - t, o - 17 = -v*t. Calculate a(o).
-11
Let b(h) = 2 + h**3 + 6*h + 22*h**2 + 3*h**2 - 30*h**2 - h. Let m(l) = 4*l**2. Let f be m(-1). Calculate b(f).
6
Let x(y) = y - 1. Let k(c) = 5*c - 10. Let s(g) = -k(g) + 4*x(g). Let d be s(0). Let l(r) = 5*r**2 - 5*r + 12*r - 3*r**3 + 2*r**3. Determine l(d).
6
Let i = -155 + 158. Let z(q) = -q**2 + 4*q - 4. Give z(i).
-1
Let w(k) be the first derivative of -3/2*k**2 + 6 - 2*k**3 + 1/4*k**4 - k. Let v be 3 - ((-2)/1 - 1). Calculate w(v).
-19
Let m(z) be the second derivative of z**6/360 + z**5/40 - z**4/24 - 11*z**3/6 + 6*z. Let h(y) be the second derivative of m(y). What is h(-2)?
-3
Suppose 0 = -20*r - 112 - 8. Let h(p) be the third derivative of -p**6/120 - p**5/12 + p**4/6 - p**3 - 4*p**2. What is h(r)?
6
Let f(w) = -2*w + 2. Suppose 3*s - 2*l = 2*s + 10, -3*l - 20 = -4*s. Calculate f(s).
-2
Let a be (-45)/(-585) + 40/(-13). Let y(z) = 2*z - 2. Determine y(a).
-8
Let l(z) = -z**2 + z + 7. Let q = 48 - 53. Let d be q*(-3)/9*-3. Calculate l(d).
-23
Let g(u) = -7*u + 12. Suppose 78*d - 216 = 51*d. Give g(d).
-44
Let f(v) = -v + 2. Suppose -2*g - 201 = 85. Let x = -137 - g. Determine f(x).
-4
Suppose -5*t + 9 + 1 = 0. Let o(g) = -12*g**t + 83*g**3 + 5 + 4*g**2 - 84*g**3. Calculate o(-8).
5
Suppose -3 = -n - 2. Let o(q) be the first derivative of 2*q**4/3 - q**3/6 + 4*q - 1. Let p(s) be the first derivative of o(s). Determine p(n).
7
Let g(a) be the first derivative of -a**3/3 - 9*a**2/2 - 21*a - 147. What is g(-6)?
-3
Let q(w) = -w**3 - 12*w**2 + 47*w + 35. Let z be q(-15). Let s(d) = -d**2 + 4*d + 10. Calculate s(z).
5
Let j be 4 + (3 - (-2)/5*-5). Let g(c) = -c**3 + c**2 - 3*c + 5. Let s(l) = -3*l**3 + 2*l**2 - 7*l + 11. Let i(m) = j*g(m) - 2*s(m). Give i(0).
3
Let u(i) = 2*i**2 + 6*i - 5. Let s(y) = -3*y**2 - 